{"id":300,"date":"2025-01-03T01:26:14","date_gmt":"2025-01-03T04:26:14","guid":{"rendered":"https:\/\/redescom.net.br\/?page_id=300"},"modified":"2026-01-19T16:14:25","modified_gmt":"2026-01-19T19:14:25","slug":"empresa","status":"publish","type":"page","link":"https:\/\/redescom.net.br\/?page_id=300","title":{"rendered":"empresa"},"content":{"rendered":"\t\t<div data-elementor-type=\"wp-page\" data-elementor-id=\"300\" class=\"elementor elementor-300\" data-elementor-post-type=\"page\">\n\t\t\t\t<div class=\"elementor-element elementor-element-17a5d3e e-flex e-con-boxed e-con e-parent\" data-id=\"17a5d3e\" data-element_type=\"container\">\n\t\t\t\t\t<div class=\"e-con-inner\">\n\t\t<div class=\"elementor-element elementor-element-8040cda e-con-full e-flex e-con e-child\" data-id=\"8040cda\" data-element_type=\"container\">\n\t\t<div class=\"elementor-element elementor-element-4c18186 e-con-full e-flex e-con e-child\" data-id=\"4c18186\" data-element_type=\"container\">\n\t\t\t\t<div class=\"elementor-element elementor-element-1eaa43a elementor-widget__width-initial elementor-widget elementor-widget-image\" data-id=\"1eaa43a\" data-element_type=\"widget\" data-widget_type=\"image.default\">\n\t\t\t\t<div class=\"elementor-widget-container\">\n\t\t\t\t\t\t\t\t\t\t\t\t\t\t\t\t<a href=\"https:\/\/redescom.net.br\">\n\t\t\t\t\t\t\t<img fetchpriority=\"high\" decoding=\"async\" width=\"1024\" height=\"270\" src=\"https:\/\/redescom.net.br\/wp-content\/uploads\/2024\/12\/logo-redescom-brasil-final-New.png\" class=\"attachment-large size-large wp-image-63\" alt=\"\" \/>\t\t\t\t\t\t\t\t<\/a>\n\t\t\t\t\t\t\t\t\t\t\t\t\t\t\t<\/div>\n\t\t\t\t<\/div>\n\t\t\t\t<\/div>\n\t\t<div class=\"elementor-element elementor-element-9298638 e-con-full e-flex e-con e-child\" data-id=\"9298638\" data-element_type=\"container\">\n\t\t\t\t<div class=\"elementor-element elementor-element-1c058d2 elementor-widget elementor-widget-text-editor\" data-id=\"1c058d2\" data-element_type=\"widget\" data-widget_type=\"text-editor.default\">\n\t\t\t\t<div class=\"elementor-widget-container\">\n\t\t\t\t\t\t\t\t\t<p><a href=\"https:\/\/redescom.net.br\">INICIO<\/a>\u00a0 \u00a0 \u00a0 \u00a0 \u00a0\u00a0<a href=\"#2\">SERVI\u00c7OS\u00a0<\/a> \u00a0 \u00a0 \u00a0 \u00a0 <a href=\"#3\">PARCEIROS<\/a>\u00a0 \u00a0 \u00a0 \u00a0 \u00a0 <a href=\"#4\">BLOG\u00a0<\/a> \u00a0 \u00a0 \u00a0 \u00a0 <a href=\"#4\">CONTATO<\/a>\u00a0 \u00a0 \u00a0 \u00a0 \u00a0<\/p>\t\t\t\t\t\t\t\t<\/div>\n\t\t\t\t<\/div>\n\t\t\t\t<\/div>\n\t\t\t\t<\/div>\n\t\t\t\t\t<\/div>\n\t\t\t\t<\/div>\n\t\t<div class=\"elementor-element elementor-element-b91c7c1 e-flex e-con-boxed e-con e-parent\" data-id=\"b91c7c1\" data-element_type=\"container\">\n\t\t\t\t\t<div class=\"e-con-inner\">\n\t\t<div class=\"elementor-element elementor-element-df19ece e-con-full e-flex e-con e-child\" data-id=\"df19ece\" data-element_type=\"container\">\n\t\t\t\t<div class=\"elementor-element elementor-element-2c78476 elementor-widget elementor-widget-text-editor\" data-id=\"2c78476\" data-element_type=\"widget\" data-widget_type=\"text-editor.default\">\n\t\t\t\t<div class=\"elementor-widget-container\">\n\t\t\t\t\t\t\t\t\t<h1 class=\"wp-block-heading\" style=\"color: #111111; font-family: Cardo; font-size: 52.32px;\">REDESCOM DO BRASIL<\/h1><p>\u00e9 uma empresa especializada na \u00e1rea de Tecnologia da Informa\u00e7\u00e3o, criada em 2021 e tem sede em S\u00e3o Paulo, com atua\u00e7\u00e3o em todo o territ\u00f3rio nacional e internacional. Possui extensa experi\u00eancia em sustenta\u00e7\u00e3o e inova\u00e7\u00e3o e entrega solu\u00e7\u00f5es simplificadas para diversos tipos de ambientes tecnol\u00f3gicos.<\/p><p>REDESCOM \u00e9 uma empresa \u00e1gil e com DNA de servi\u00e7os e desenvolvimento de solu\u00e7\u00f5es tailor made, ou seja, feitas especialmente para cada cliente. A grande compet\u00eancia t\u00e9cnica e administrativa foi adquirida atrav\u00e9s de seu excelente corpo t\u00e9cnico treinado e certificado em diversas tecnologias.<\/p><p>Com a mente, o cora\u00e7\u00e3o e o esp\u00edrito no presente projetando o futuro, a miss\u00e3o da REDESCOM DO BRASIL \u00e9 oferecer produtos e servi\u00e7os de alto valor agregado, independente do porte e da complexidade do neg\u00f3cio de cada um deles, sempre baseados nas melhores pr\u00e1ticas de mercado, princ\u00edpios \u00e9ticos e o mais importante, por um valor justo.<\/p>\t\t\t\t\t\t\t\t<\/div>\n\t\t\t\t<\/div>\n\t\t\t\t<\/div>\n\t\t\t\t<div class=\"elementor-element elementor-element-ed0a96c elementor-widget__width-initial elementor-widget elementor-widget-image\" data-id=\"ed0a96c\" data-element_type=\"widget\" data-widget_type=\"image.default\">\n\t\t\t\t<div class=\"elementor-widget-container\">\n\t\t\t\t\t\t\t\t\t\t\t\t<figure class=\"wp-caption\">\n\t\t\t\t\t\t\t\t\t\t<img decoding=\"async\" width=\"768\" height=\"576\" src=\"https:\/\/redescom.net.br\/wp-content\/uploads\/2026\/01\/Gerente-768x576.png\" class=\"attachment-medium_large size-medium_large wp-image-457\" alt=\"\" srcset=\"https:\/\/redescom.net.br\/wp-content\/uploads\/2026\/01\/Gerente-768x576.png 768w, https:\/\/redescom.net.br\/wp-content\/uploads\/2026\/01\/Gerente-300x225.png 300w, https:\/\/redescom.net.br\/wp-content\/uploads\/2026\/01\/Gerente-1024x768.png 1024w, https:\/\/redescom.net.br\/wp-content\/uploads\/2026\/01\/Gerente-1536x1151.png 1536w, https:\/\/redescom.net.br\/wp-content\/uploads\/2026\/01\/Gerente-2048x1535.png 2048w\" sizes=\"(max-width: 768px) 100vw, 768px\" \/>\t\t\t\t\t\t\t\t\t\t\t<figcaption class=\"widget-image-caption wp-caption-text\"><\/figcaption>\n\t\t\t\t\t\t\t\t\t\t<\/figure>\n\t\t\t\t\t\t\t\t\t<\/div>\n\t\t\t\t<\/div>\n\t\t<div class=\"elementor-element elementor-element-513f406 e-con-full e-flex e-con e-child\" data-id=\"513f406\" data-element_type=\"container\">\n\t\t\t\t<\/div>\n\t\t\t\t\t<\/div>\n\t\t\t\t<\/div>\n\t\t<div class=\"elementor-element elementor-element-a4d0892 e-flex e-con-boxed e-con e-parent\" data-id=\"a4d0892\" data-element_type=\"container\" data-settings=\"{&quot;background_background&quot;:&quot;classic&quot;}\">\n\t\t\t\t\t<div class=\"e-con-inner\">\n\t\t<div class=\"elementor-element elementor-element-68d1942 e-con-full e-flex e-con e-child\" data-id=\"68d1942\" data-element_type=\"container\">\n\t\t<div class=\"elementor-element elementor-element-d1c8873 e-con-full e-flex e-con e-child\" data-id=\"d1c8873\" data-element_type=\"container\">\n\t\t\t\t<div class=\"elementor-element elementor-element-f8394bd elementor-widget elementor-widget-heading\" data-id=\"f8394bd\" data-element_type=\"widget\" data-widget_type=\"heading.default\">\n\t\t\t\t<div class=\"elementor-widget-container\">\n\t\t\t\t\t<h4 class=\"elementor-heading-title elementor-size-default\">Uma empresa de tecnologia com diversas solu\u00e7\u00f5es em TI<\/h4>\t\t\t\t<\/div>\n\t\t\t\t<\/div>\n\t\t\t\t<div class=\"elementor-element elementor-element-db2a45e elementor-icon-list--layout-traditional elementor-list-item-link-full_width elementor-widget elementor-widget-icon-list\" data-id=\"db2a45e\" data-element_type=\"widget\" data-widget_type=\"icon-list.default\">\n\t\t\t\t<div class=\"elementor-widget-container\">\n\t\t\t\t\t\t\t<ul class=\"elementor-icon-list-items\">\n\t\t\t\t\t\t\t<li class=\"elementor-icon-list-item\">\n\t\t\t\t\t\t\t\t\t\t\t<a href=\"mailto:contato@redescom.net.br?subject=Obrigado\">\n\n\t\t\t\t\t\t\t\t\t\t\t<span class=\"elementor-icon-list-text\"><\/span>\n\t\t\t\t\t\t\t\t\t\t\t<\/a>\n\t\t\t\t\t\t\t\t\t<\/li>\n\t\t\t\t\t\t<\/ul>\n\t\t\t\t\t\t<\/div>\n\t\t\t\t<\/div>\n\t\t\t\t<div class=\"elementor-element elementor-element-78499c4 elementor-widget__width-initial elementor-position-top elementor-widget elementor-widget-image-box\" data-id=\"78499c4\" data-element_type=\"widget\" data-widget_type=\"image-box.default\">\n\t\t\t\t<div class=\"elementor-widget-container\">\n\t\t\t\t\t<div class=\"elementor-image-box-wrapper\"><figure class=\"elementor-image-box-img\"><img decoding=\"async\" width=\"180\" height=\"180\" src=\"https:\/\/redescom.net.br\/wp-content\/uploads\/2024\/12\/Logo-REDESCOM-1.png\" class=\"attachment-full size-full wp-image-11\" alt=\"\" \/><\/figure><div class=\"elementor-image-box-content\"><p class=\"elementor-image-box-description\">Somos uma empresa de tecnologia especializada em transformar ideias em realidade e facilitar a vida dos gestores. Com um time de especialistas seniores e experientes, buscamos sempre a forma mais eficiente de resolver problemas, tornando a sua vida muito mais f\u00e1cil.<\/p><\/div><\/div>\t\t\t\t<\/div>\n\t\t\t\t<\/div>\n\t\t\t\t<\/div>\n\t\t\t\t<\/div>\n\t\t<div class=\"elementor-element elementor-element-eb50bff e-con-full e-flex e-con e-child\" data-id=\"eb50bff\" data-element_type=\"container\">\n\t\t\t\t<div class=\"elementor-element elementor-element-beb321b elementor-widget elementor-widget-heading\" data-id=\"beb321b\" data-element_type=\"widget\" data-widget_type=\"heading.default\">\n\t\t\t\t<div class=\"elementor-widget-container\">\n\t\t\t\t\t<h4 class=\"elementor-heading-title elementor-size-default\">Redes sociales<\/h4>\t\t\t\t<\/div>\n\t\t\t\t<\/div>\n\t\t\t\t<div class=\"elementor-element elementor-element-7da98eb e-grid-align-tablet-left e-grid-align-mobile-center elementor-shape-rounded elementor-grid-0 e-grid-align-center elementor-widget elementor-widget-social-icons\" data-id=\"7da98eb\" data-element_type=\"widget\" data-widget_type=\"social-icons.default\">\n\t\t\t\t<div class=\"elementor-widget-container\">\n\t\t\t\t\t\t\t<div class=\"elementor-social-icons-wrapper elementor-grid\" role=\"list\">\n\t\t\t\t\t\t\t<span class=\"elementor-grid-item\" role=\"listitem\">\n\t\t\t\t\t<a class=\"elementor-icon elementor-social-icon elementor-social-icon-twitter elementor-repeater-item-828f132\" target=\"_blank\">\n\t\t\t\t\t\t<span class=\"elementor-screen-only\">Twitter<\/span>\n\t\t\t\t\t\t<svg aria-hidden=\"true\" class=\"e-font-icon-svg e-fab-twitter\" viewBox=\"0 0 512 512\" xmlns=\"http:\/\/www.w3.org\/2000\/svg\"><path d=\"M459.37 151.716c.325 4.548.325 9.097.325 13.645 0 138.72-105.583 298.558-298.558 298.558-59.452 0-114.68-17.219-161.137-47.106 8.447.974 16.568 1.299 25.34 1.299 49.055 0 94.213-16.568 130.274-44.832-46.132-.975-84.792-31.188-98.112-72.772 6.498.974 12.995 1.624 19.818 1.624 9.421 0 18.843-1.3 27.614-3.573-48.081-9.747-84.143-51.98-84.143-102.985v-1.299c13.969 7.797 30.214 12.67 47.431 13.319-28.264-18.843-46.781-51.005-46.781-87.391 0-19.492 5.197-37.36 14.294-52.954 51.655 63.675 129.3 105.258 216.365 109.807-1.624-7.797-2.599-15.918-2.599-24.04 0-57.828 46.782-104.934 104.934-104.934 30.213 0 57.502 12.67 76.67 33.137 23.715-4.548 46.456-13.32 66.599-25.34-7.798 24.366-24.366 44.833-46.132 57.827 21.117-2.273 41.584-8.122 60.426-16.243-14.292 20.791-32.161 39.308-52.628 54.253z\"><\/path><\/svg>\t\t\t\t\t<\/a>\n\t\t\t\t<\/span>\n\t\t\t\t\t\t\t<span class=\"elementor-grid-item\" role=\"listitem\">\n\t\t\t\t\t<a class=\"elementor-icon elementor-social-icon elementor-social-icon-youtube elementor-repeater-item-a067126\" target=\"_blank\">\n\t\t\t\t\t\t<span class=\"elementor-screen-only\">Youtube<\/span>\n\t\t\t\t\t\t<svg aria-hidden=\"true\" class=\"e-font-icon-svg e-fab-youtube\" viewBox=\"0 0 576 512\" xmlns=\"http:\/\/www.w3.org\/2000\/svg\"><path d=\"M549.655 124.083c-6.281-23.65-24.787-42.276-48.284-48.597C458.781 64 288 64 288 64S117.22 64 74.629 75.486c-23.497 6.322-42.003 24.947-48.284 48.597-11.412 42.867-11.412 132.305-11.412 132.305s0 89.438 11.412 132.305c6.281 23.65 24.787 41.5 48.284 47.821C117.22 448 288 448 288 448s170.78 0 213.371-11.486c23.497-6.321 42.003-24.171 48.284-47.821 11.412-42.867 11.412-132.305 11.412-132.305s0-89.438-11.412-132.305zm-317.51 213.508V175.185l142.739 81.205-142.739 81.201z\"><\/path><\/svg>\t\t\t\t\t<\/a>\n\t\t\t\t<\/span>\n\t\t\t\t\t\t\t<span class=\"elementor-grid-item\" role=\"listitem\">\n\t\t\t\t\t<a class=\"elementor-icon elementor-social-icon elementor-social-icon-facebook elementor-repeater-item-8ce8890\" href=\"https:\/\/web.facebook.com\/REDESCOMBRASIL\/\" target=\"_blank\">\n\t\t\t\t\t\t<span class=\"elementor-screen-only\">Facebook<\/span>\n\t\t\t\t\t\t<svg aria-hidden=\"true\" class=\"e-font-icon-svg e-fab-facebook\" viewBox=\"0 0 512 512\" xmlns=\"http:\/\/www.w3.org\/2000\/svg\"><path d=\"M504 256C504 119 393 8 256 8S8 119 8 256c0 123.78 90.69 226.38 209.25 245V327.69h-63V256h63v-54.64c0-62.15 37-96.48 93.67-96.48 27.14 0 55.52 4.84 55.52 4.84v61h-31.28c-30.8 0-40.41 19.12-40.41 38.73V256h68.78l-11 71.69h-57.78V501C413.31 482.38 504 379.78 504 256z\"><\/path><\/svg>\t\t\t\t\t<\/a>\n\t\t\t\t<\/span>\n\t\t\t\t\t<\/div>\n\t\t\t\t\t\t<\/div>\n\t\t\t\t<\/div>\n\t\t\t\t<\/div>\n\t\t<div class=\"elementor-element elementor-element-5147adc e-con-full e-flex e-con e-child\" data-id=\"5147adc\" data-element_type=\"container\">\n\t\t\t\t<div class=\"elementor-element elementor-element-8c06d7e elementor-widget elementor-widget-heading\" data-id=\"8c06d7e\" data-element_type=\"widget\" data-widget_type=\"heading.default\">\n\t\t\t\t<div class=\"elementor-widget-container\">\n\t\t\t\t\t<h4 class=\"elementor-heading-title elementor-size-default\">Entre em contato<\/h4>\t\t\t\t<\/div>\n\t\t\t\t<\/div>\n\t\t\t\t<div class=\"elementor-element elementor-element-c435fb2 elementor-icon-list--layout-traditional elementor-list-item-link-full_width elementor-widget elementor-widget-icon-list\" data-id=\"c435fb2\" data-element_type=\"widget\" data-widget_type=\"icon-list.default\">\n\t\t\t\t<div class=\"elementor-widget-container\">\n\t\t\t\t\t\t\t<ul class=\"elementor-icon-list-items\">\n\t\t\t\t\t\t\t<li class=\"elementor-icon-list-item\">\n\t\t\t\t\t\t\t\t\t\t\t<a href=\"mailto:contato@redescom.net.br?subject=Obrigado\">\n\n\t\t\t\t\t\t\t\t\t\t\t<span class=\"elementor-icon-list-text\">E-mail: contato@redescom.net.br<\/span>\n\t\t\t\t\t\t\t\t\t\t\t<\/a>\n\t\t\t\t\t\t\t\t\t<\/li>\n\t\t\t\t\t\t\t\t<li class=\"elementor-icon-list-item\">\n\t\t\t\t\t\t\t\t\t\t\t<a href=\"tel:123-456-7890\">\n\n\t\t\t\t\t\t\t\t\t\t\t<span class=\"elementor-icon-list-text\">Telefone: +55 11 56712223<\/span>\n\t\t\t\t\t\t\t\t\t\t\t<\/a>\n\t\t\t\t\t\t\t\t\t<\/li>\n\t\t\t\t\t\t\t\t<li class=\"elementor-icon-list-item\">\n\t\t\t\t\t\t\t\t\t\t<span class=\"elementor-icon-list-text\">Endere\u00e7o: Av. Nove de Julho 556, Consola\u00e7\u00e3o S\u00e3o Paulo -<br>CEP 01312-000<\/span>\n\t\t\t\t\t\t\t\t\t<\/li>\n\t\t\t\t\t\t<\/ul>\n\t\t\t\t\t\t<\/div>\n\t\t\t\t<\/div>\n\t\t\t\t<\/div>\n\t\t<div class=\"elementor-element elementor-element-41bd60c e-con-full e-flex e-con e-child\" data-id=\"41bd60c\" data-element_type=\"container\">\n\t\t\t\t<div class=\"elementor-element elementor-element-8c60782 elementor-widget elementor-widget-google_maps\" data-id=\"8c60782\" data-element_type=\"widget\" data-widget_type=\"google_maps.default\">\n\t\t\t\t<div class=\"elementor-widget-container\">\n\t\t\t\t\t\t\t<div class=\"elementor-custom-embed\">\n\t\t\t<iframe loading=\"lazy\"\n\t\t\t\t\tsrc=\"https:\/\/maps.google.com\/maps?q=Av%20Nove%20de%20Julho%20556%2C%20consola%C3%A7%C3%A3o%20&#038;t=m&#038;z=15&#038;output=embed&#038;iwloc=near\"\n\t\t\t\t\ttitle=\"Av Nove de Julho 556, consola\u00e7\u00e3o \"\n\t\t\t\t\taria-label=\"Av Nove de Julho 556, consola\u00e7\u00e3o \"\n\t\t\t><\/iframe>\n\t\t<\/div>\n\t\t\t\t\t\t<\/div>\n\t\t\t\t<\/div>\n\t\t\t\t<\/div>\n\t\t\t\t\t<\/div>\n\t\t\t\t<\/div>\n\t\t<div class=\"elementor-element elementor-element-50f2ec26 e-flex e-con-boxed e-con e-parent\" data-id=\"50f2ec26\" data-element_type=\"container\" data-settings=\"{&quot;background_background&quot;:&quot;classic&quot;}\">\n\t\t\t\t\t<div class=\"e-con-inner\">\n\t\t\t\t<div class=\"elementor-element elementor-element-26d0f9c2 elementor-widget elementor-widget-heading\" data-id=\"26d0f9c2\" data-element_type=\"widget\" data-widget_type=\"heading.default\">\n\t\t\t\t<div class=\"elementor-widget-container\">\n\t\t\t\t\t<p class=\"elementor-heading-title elementor-size-default\">\u00a9 All Rights Reserved.<\/p>\t\t\t\t<\/div>\n\t\t\t\t<\/div>\n\t\t\t\t\t<\/div>\n\t\t\t\t<\/div>\n\t\t\t\t<\/div>\n\t\t","protected":false},"excerpt":{"rendered":"<p>INICIO\u00a0 \u00a0 \u00a0 \u00a0 \u00a0\u00a0SERVI\u00c7OS\u00a0 \u00a0 \u00a0 \u00a0 \u00a0 PARCEIROS\u00a0 \u00a0 \u00a0 \u00a0 \u00a0 BLOG\u00a0 \u00a0 \u00a0 \u00a0 \u00a0 CONTATO\u00a0 \u00a0 \u00a0 \u00a0 \u00a0 REDESCOM DO BRASIL \u00e9 uma empresa especializada na \u00e1rea de Tecnologia da Informa\u00e7\u00e3o, criada em 2021 e tem sede em S\u00e3o Paulo, com atua\u00e7\u00e3o em todo o territ\u00f3rio nacional e internacional. [&hellip;]<\/p>\n","protected":false},"author":1,"featured_media":0,"parent":0,"menu_order":0,"comment_status":"closed","ping_status":"closed","template":"elementor_canvas","meta":{"footnotes":""},"class_list":["post-300","page","type-page","status-publish","hentry"],"_links":{"self":[{"href":"https:\/\/redescom.net.br\/index.php?rest_route=\/wp\/v2\/pages\/300","targetHints":{"allow":["GET"]}}],"collection":[{"href":"https:\/\/redescom.net.br\/index.php?rest_route=\/wp\/v2\/pages"}],"about":[{"href":"https:\/\/redescom.net.br\/index.php?rest_route=\/wp\/v2\/types\/page"}],"author":[{"embeddable":true,"href":"https:\/\/redescom.net.br\/index.php?rest_route=\/wp\/v2\/users\/1"}],"replies":[{"embeddable":true,"href":"https:\/\/redescom.net.br\/index.php?rest_route=%2Fwp%2Fv2%2Fcomments&post=300"}],"version-history":[{"count":70,"href":"https:\/\/redescom.net.br\/index.php?rest_route=\/wp\/v2\/pages\/300\/revisions"}],"predecessor-version":[{"id":475,"href":"https:\/\/redescom.net.br\/index.php?rest_route=\/wp\/v2\/pages\/300\/revisions\/475"}],"wp:attachment":[{"href":"https:\/\/redescom.net.br\/index.php?rest_route=%2Fwp%2Fv2%2Fmedia&parent=300"}],"curies":[{"name":"wp","href":"https:\/\/api.w.org\/{rel}","templated":true}]}}